= 5*c - s - 91, 5*c + 3*s = 6*s + v. What is the remainder when 33 is divided by c?
15
Let k(u) = 2*u**2 - 3*u + 7. Let f be k(7). Suppose -4*i = -5*n + f, -i + 3*i = -2. Let q = 6 + 0. What is the remainder when n is divided by q?
4
Let j(u) = -u**3 + 4. Let f be j(0). Let l(w) = -w - 4 + 5 - f*w. Calculate the remainder when 10 is divided by l(-1).
4
Suppose q + 0*q = 6. What is the remainder when 21 is divided by q?
3
What is the remainder when 63 - 3 - -2*1 is divided by 32?
30
Let f(x) = x**2 - 4*x + 6. Let m = -5 - -9. What is the remainder when 11 is divided by f(m)?
5
Suppose 11*l + 4*l = 135. What is the remainder when 16 is divided by l?
7
Let c = 69 - 34. What is the remainder when c is divided by 12?
11
Suppose -128 = -2*j + 5*o, -2*j + 112 = 2*o + o. Calculate the remainder when j is divided by 20.
19
Let o = 21 + -14. Calculate the remainder when 20 is divided by o.
6
What is the remainder when 95 is divided by (25/(-10) + 2)*-32?
15
Let t(p) = 13*p. Let a(i) = i**3 - 5*i**2 - i + 7. Let d be a(5). What is the remainder when 50 is divided by t(d)?
24
Let c(y) be the third derivative of y**5/60 + 7*y**4/24 - y**3/6 - y**2. Let f = 7 - 17. Calculate the remainder when c(f) is divided by 10.
9
Suppose 0*u = -u - 5*v - 6, 2*u + 4*v = -12. Let y = 8 + u. Calculate the remainder when ((-4)/(-6))/(1/3) is divided by y.
0
Let y(h) = -2*h - 12. What is the remainder when 15 is divided by y(-10)?
7
Suppose -w + 36 = 3*u, 4*u + 5*w - 24 = u. Suppose 0 = -4*i - 46 + 246. What is the remainder when i is divided by u?
11
Let v(f) = 5*f**3 + f**2 + f - 1. Calculate the remainder when v(2) is divided by 16.
13
Suppose -2*q - q = 54. Let k = -9 - q. Calculate the remainder when 26 is divided by k.
8
Suppose 2*m + 14 = -3*x - x, 5*x = 3*m - 12. Let v = m - 1. What is the remainder when (2 - -12)*2 + v is divided by 9?
8
Let u = 1 + -2. Let d = 6 - u. Let q(r) = r**2 + 7*r + 9. Calculate the remainder when d is divided by q(-6).
1
Suppose 3*w + 62 = 5*l - 13, 5*l = 5*w + 85. Calculate the remainder when 69 is divided by l.
9
Let r(i) = -i + 5. Calculate the remainder when 15 is divided by r(-5).
5
Suppose -3*g + 5*n = -13, -2*g - 4*n = -3*n - 26. Suppose -20 = 38*a - 43*a. Calculate the remainder when g is divided by a.
3
Let w(h) = h**2 - 5*h - 5. Let l be w(6). Let j be (l/(-2))/((-1)/(-2)). Let i = j - -20. What is the remainder when i is divided by 10?
9
Let a = -345 + 495. Suppose 3*y + 2*y = a. Calculate the remainder when y is divided by 16.
14
Let q(c) be the first derivative of -c**4/4 + 3*c**3 - 4*c**2 - 4*c - 3. Calculate the remainder when q(7) is divided by 20.
18
What is the remainder when 40 is divided by (4 + -2)/(6/21)?
5
Let u = 3 - -26. Calculate the remainder when u is divided by 18/(4 + -2) - -1.
9
Let j(p) = -p - 5. Let w be j(-7). Suppose 4*a = 5*i + 66, 0 = -w*a + a + 4*i + 11. Calculate the remainder when a is divided by (-4 + -1)*14/(-10).
5
Suppose -4*s + 9*s - 2*x - 39 = 0, 0 = -s + 3*x + 13. Let c(i) = 7 + 4*i**2 + 1 - 3*i - i**3 - 11*i + s*i**2. What is the remainder when c(9) is divided by 15?
14
Let y(f) = -6*f**3 - f**2 - f. Let k = -30 - -45. Calculate the remainder when k is divided by y(-1).
3
Suppose 4*n = 12, -2*z + 4*n = 1 - 5. Calculate the remainder when 12 + 6/z*4 is divided by 6.
3
Suppose 10*l - 10 = 5*l. What is the remainder when l is divided by 2?
0
Let q(k) = k**2 + 2*k - 13. Suppose -9 = 4*l - 25. Calculate the remainder when q(-6) is divided by l.
3
Calculate the remainder when 33 is divided by 20 + 1*6/(-3).
15
Let y be 0/(-2) + 1*9. Let h(z) = -z**2 + 7*z + 5. Let d be h(7). Suppose y = d*a - 6. What is the remainder when a is divided by 1?
0
Suppose d = y - 3*y - 4, -24 = 3*d + 3*y. Let u = 23 + d. Calculate the remainder when 30 is divided by u.
8
Suppose 0 = o + 4*m - 23, -4*m + 10 = -5*o + m. What is the remainder when (78/o)/((-1)/(-2)) is divided by 18?
16
Let q(m) = 3*m**2 - 3*m + 6. Let v = -432 + 447. Calculate the remainder when q(4) is divided by v.
12
Let a(s) = 33*s**2. Calculate the remainder when a(-1) is divided by 12.
9
Let c(g) = -g**3 + 5*g**2 + 5. Suppose 4 = -0*q + q. Calculate the remainder when 40 is divided by c(q).
19
Let o(j) = -j - 12. Let m be o(-9). Let l be m*((-2 - -3) + -2). Suppose -l*w + 7 = -2*w. Calculate the remainder when w is divided by 3.
1
Calculate the remainder when 5864/14 - ((-16)/56)/2 is divided by 20.
19
Let r(s) = s**3 + 3*s**2 - 4*s. Calculate the remainder when r(2) is divided by 9.
3
Let f = 55 - 44. Calculate the remainder when f is divided by 7.
4
Let i = -1 + 18. Suppose 0 = -5*k + 23 + i. Calculate the remainder when 22 is divided by k.
6
Let h = -31 + 51. Let s = 28 - h. Calculate the remainder when 23 is divided by s.
7
Let z(b) = b**2 + 2*b + 3. Let y(f) = -f**3 + 11*f**2 - 11*f - 11. Suppose -2*n + 6*n - 36 = 0. What is the remainder when y(n) is divided by z(4)?
25
Suppose 0 = -5*o - 3*t - 28 + 295, -5*o = 2*t - 268. Let b(j) = -j + 25. Calculate the remainder when o is divided by b(11).
12
Let y(r) = -r**3 - 4*r**2 + 5*r + 6. What is the remainder when y(-6) is divided by 10?
8
Suppose -5*o + 15 = 3*v - 0*o, 5*v = o + 25. What is the remainder when v is divided by 3?
2
Let t = -13 - 21. Let i = t + 48. What is the remainder when i is divided by 8?
6
Let w(k) = -k**2 - 5*k + 3. Let u be w(-6). Let r(o) = o**2 - o. What is the remainder when 23 is divided by r(u)?
11
Suppose -57 = -9*n + 312. Calculate the remainder when n is divided by 9.
5
Let d = 30 + 19. Suppose 2*z - 10 - 108 = 0. Suppose -3*h = -4*w - z, h + 3*h - 62 = -3*w. Calculate the remainder when d is divided by h.
15
Let k = -36 - -44. Calculate the remainder when 71 is divided by k.
7
Suppose -48 - 48 = -3*c. Suppose 2*q - 3*w + 3 = 0, 5 = 2*q + 5*w - c. Calculate the remainder when ((-6)/(-4))/(9/60) is divided by q.
4
What is the remainder when (0 + -167 + 1)/(-2) + 1 is divided by 43?
41
Let y(l) = 3*l + 27. Calculate the remainder when y(5) is divided by 23.
19
Calculate the remainder when 55 is divided by (-47)/(-6) + (-3)/(-18).
7
Let h(r) = -6*r**3 + 3*r**2 - 2. Let m be h(2). Calculate the remainder when -1*m*(-3)/(-6) is divided by 5.
4
Suppose -4 = -0*q - 2*q. Suppose 27 + 79 = q*o. Calculate the remainder when o is divided by 14.
11
Let b(p) be the second derivative of p**4/3 + p**3/3 - p**2 - 4*p. Let g = -25 + 40. Calculate the remainder when b(-3) is divided by g.
13
Let g(h) = -h**2 + h + 95. Let u be g(0). Let t = u + -64. Let m = -6 - -14. What is the remainder when t is divided by m?
7
Let m = 42 - 19. What is the remainder when 44 is divided by m?
21
Suppose l = 4*b + 262, l - 179 = -b + 58. Suppose 4*j + 6*a - 3*a = 193, 5*j = -4*a + l. Suppose 2*r = -2*r + 64. What is the remainder when j is divided by r?
14
Suppose 13*d - 9*d - 60 = 0. Calculate the remainder when 44 is divided by d.
14
Let m(l) = -l**3 - 10*l**2 + 2*l + 9. Calculate the remainder when m(-11) is divided by 56.
52
Let p = -4 + 13. What is the remainder when (-6)/(-24) - 285/(-12) is divided by p?
6
Suppose -4*d + 4*r = -8, -2*d + d - r = -4. Suppose n = -d*w + 21, -3*w - 2*n = -w - 18. Calculate the remainder when 10 is divided by w.
4
Suppose 39 + 33 = 4*l. Calculate the remainder when l is divided by 5.
3
Let k = 9 + -6. What is the remainder when 1 - (2 + -1 + -7) is divided by k?
1
Let i(r) = -r**3 + 7*r**2 + 14*r - 12. Calculate the remainder when i(8) is divided by 13.
10
Suppose 7*c = 3*v + 2*c - 119, 0 = -v - 5*c + 53. Calculate the remainder when v is divided by 15.
13
Suppose 4*b = 5*b - 25. Let c = 35 - b. What is the remainder when c is divided by 3?
1
Let p(s) = -2*s - 7. Suppose -2 - 8 = 2*x. What is the remainder when 4 is divided by p(x)?
1
Let i(o) = o**3 - 5*o**2 + o. Let w be i(5). Let f = w - 1. Let v = 78 + -75. Calculate the remainder when f is divided by v.
1
Let u(p) = p**3 + p**2 + 53. Calculate the remainder when u(0) is divided by 18.
17
Let p(t) = -t**3 - 4*t**2 + 11*t + 11. What is the remainder when 48 is divided by p(-6)?
14
Suppose -2*c = 5*a + 91, 2*c - 5*a = -0*a - 61. Let p = 59 - c. Let n = -56 + p. Calculate the remainder when n is divided by 14.
13
Let t be 14/2 - (-1 + 1). What is the remainder when 70/21*48/10 is divided by (-3)/3 + t/1?
4
Le